{"id":62,"date":"2020-03-10T22:33:33","date_gmt":"2020-03-10T21:33:33","guid":{"rendered":"https:\/\/www.reduxenergy.ch\/?page_id=62"},"modified":"2021-08-11T16:49:24","modified_gmt":"2021-08-11T14:49:24","slug":"impressum","status":"publish","type":"page","link":"https:\/\/www.reduxenergy.ch\/index.php\/impressum\/","title":{"rendered":"Impressum"},"content":{"rendered":"\t\t<div data-elementor-type=\"wp-page\" data-elementor-id=\"62\" class=\"elementor elementor-62\">\n\t\t\t\t\t\t<section class=\"elementor-section elementor-top-section elementor-element elementor-element-6ae18f2c elementor-section-stretched elementor-section-boxed elementor-section-height-default elementor-section-height-default\" data-id=\"6ae18f2c\" data-element_type=\"section\" data-e-type=\"section\" data-settings=\"{&quot;stretch_section&quot;:&quot;section-stretched&quot;}\">\n\t\t\t\t\t\t<div class=\"elementor-container elementor-column-gap-default\">\n\t\t\t\t\t<div class=\"elementor-column elementor-col-100 elementor-top-column elementor-element elementor-element-fed4c9b\" data-id=\"fed4c9b\" data-element_type=\"column\" data-e-type=\"column\">\n\t\t\t<div class=\"elementor-widget-wrap elementor-element-populated\">\n\t\t\t\t\t\t<div class=\"elementor-element elementor-element-6381abad elementor-widget elementor-widget-text-editor\" data-id=\"6381abad\" data-element_type=\"widget\" data-e-type=\"widget\" data-widget_type=\"text-editor.default\">\n\t\t\t\t<div class=\"elementor-widget-container\">\n\t\t\t\t\t\t\t\t\t<p><span style=\"color: #000000;\">Imprint &amp; Impressum<\/span><\/p>\n<p><span style=\"color: #000000;\">Redux Energy LLC\/GmbH\/S\u00e0RL<\/span><\/p>\n<p><span style=\"color: #000000;\"><u><b>Registered office:<\/b><\/u><br \/><\/span><\/p>\n<p><span style=\"color: #000000;\">Spindelstrasse 2<\/span><\/p>\n<p><span style=\"color: #000000;\">8041 Z\u00fcrich<\/span><\/p>\n<p><span style=\"color: #000000;\">Switzerland<\/span><\/p>\n<p><u><b><span style=\"color: #000000;\">Visiting office:<\/span><\/b><\/u><\/p>\n<p><span style=\"color: #000000;\">Spindelstrasse 2<\/span><\/p>\n<p><span style=\"color: #000000;\">8041 Z\u00fcrich<\/span><\/p>\n<p><span style=\"color: #000000;\">Switzerland<br \/><\/span><\/p>\n<p><span style=\"color: #000000;\">Email: <a style=\"color: #000000;\" href=\"mailto:info@reduxenergy.ch\">info@reduxenergy.ch<\/a><\/span><\/p>\n<p><span style=\"color: #000000;\">Telephone: +41 (0) 44 508 20 18<\/span><\/p>\n<p><span style=\"color: #000000;\">Commercial Registry Office: Canton of Zurich, Switzerland<\/span><\/p>\n<p><span style=\"color: #000000;\">UID: CHE-497.423.702<\/span><\/p>\n<p><span style=\"color: #000000;\">Despite careful selection and verification, we cannot be held responsible for the content of external links. The responsibility of the content on linked websites rests exclusively with the owner of the respective external links. All data on this website is protected by copyright and may not be reproduced without the explicit written consent of the owner: Redux Energy GmbH.<\/span><\/p>\n<p><span style=\"color: #000000;\">Photo References:<\/span><\/p>\n<p><span style=\"color: #000000;\">Photo <\/span><a href=\"https:\/\/www.pexels.com\/de-de\/@kendal?utm_content=attributionCopyText&amp;utm_medium=referral&amp;utm_source=pexels\"><span style=\"color: #000000;\">S\u00fcleyman Seykan<\/span><\/a><span style=\"color: #000000;\"> \/ <\/span><a href=\"https:\/\/www.pexels.com\/de-de\/foto\/meer-wasser-ozean-boote-3851909\/?utm_content=attributionCopyText&amp;utm_medium=referral&amp;utm_source=pexels\"><span style=\"color: #000000;\">Pexels<\/span><\/a><\/p>\n<p><span style=\"color: #000000;\">Photo <\/span><a href=\"https:\/\/www.pexels.com\/de-de\/@matthardy?utm_content=attributionCopyText&amp;utm_medium=referral&amp;utm_source=pexels\"><span style=\"color: #000000;\">Matt Hardy<\/span><\/a> <span style=\"color: #000000;\">\/ <\/span><a href=\"https:\/\/www.pexels.com\/de-de\/foto\/boote-fischerboote-fluss-motorboote-1536307\/?utm_content=attributionCopyText&amp;utm_medium=referral&amp;utm_source=pexels\"><span style=\"color: #000000;\">Pexels<\/span><\/a><\/p>\n<p><span style=\"color: #000000;\">Photo <\/span><a href=\"https:\/\/www.pexels.com\/de-de\/@judita-tamosiunaite-1050413?utm_content=attributionCopyText&amp;utm_medium=referral&amp;utm_source=pexels\"><span style=\"color: #000000;\">Judita Tamo\u0161i\u016bnait\u0117<\/span><\/a><span style=\"color: #000000;\"> \/ <\/span><a href=\"https:\/\/www.pexels.com\/de-de\/foto\/absatze-aktiv-behindert-behinderung-2026764\/?utm_content=attributionCopyText&amp;utm_medium=referral&amp;utm_source=pexels\"><span style=\"color: #000000;\">Pexels<\/span><\/a><\/p>\n<p><span style=\"color: #000000;\">Photo <\/span><a href=\"https:\/\/www.pexels.com\/de-de\/@sharpweb?utm_content=attributionCopyText&amp;utm_medium=referral&amp;utm_source=pexels\"><span style=\"color: #000000;\">Pictures Of Scotland<\/span><\/a><span style=\"color: #000000;\"> \/ <\/span><a href=\"https:\/\/www.pexels.com\/de-de\/foto\/angeln-baume-boote-draussen-831545\/?utm_content=attributionCopyText&amp;utm_medium=referral&amp;utm_source=pexels\"><span style=\"color: #000000;\">Pexels<\/span><\/a><\/p>\n<p><span style=\"color: #000000;\">Photo <\/span><a href=\"https:\/\/www.pexels.com\/de-de\/@elevate?utm_content=attributionCopyText&amp;utm_medium=referral&amp;utm_source=pexels\"><span style=\"color: #000000;\">ELEVATE<\/span><\/a><span style=\"color: #000000;\"> \/ <\/span><a href=\"https:\/\/www.pexels.com\/de-de\/foto\/anhanger-arbeit-arbeiten-arbeiter-1267329\/?utm_content=attributionCopyText&amp;utm_medium=referral&amp;utm_source=pexels\"><span style=\"color: #000000;\">Pexels<\/span><\/a><\/p>\n<p><span style=\"color: #000000;\">Photo Andrey Armyagov \/ Fotolia<\/span><\/p>\n<p><span style=\"color: #000000;\">Photo Tanathip Rattanatum \/ Pexels<\/span><\/p>\n<p><span style=\"color: #000000;\">Photo Rene Asmussen \/ Pexels<\/span><\/p>\n<p><span style=\"color: #000000;\">Photo Taryn Elliott \/ Pexels<\/span><\/p>\n<p><span style=\"color: #000000;\">Photo Alfonso Escalante \/ Pexels<\/span><\/p>\n<p>\u00a0<\/p>\n<p><\/p>\t\t\t\t\t\t\t\t<\/div>\n\t\t\t\t<\/div>\n\t\t\t\t\t<\/div>\n\t\t<\/div>\n\t\t\t\t\t<\/div>\n\t\t<\/section>\n\t\t\t\t<\/div>\n\t\t","protected":false},"excerpt":{"rendered":"<p>Imprint &amp; Impressum Redux Energy LLC\/GmbH\/S\u00e0RL Registered office: Spindelstrasse 2 8041 Z\u00fcrich Switzerland Visiting office: Spindelstrasse 2 8041 Z\u00fcrich Switzerland Email: info@reduxenergy.ch Telephone: +41 (0) 44 508 20 18 Commercial Registry Office: Canton of Zurich, Switzerland UID: CHE-497.423.702 Despite careful selection and verification, we cannot be held responsible for the content of external links. The [&hellip;]<\/p>\n","protected":false},"author":1,"featured_media":0,"parent":0,"menu_order":0,"comment_status":"closed","ping_status":"closed","template":"","meta":{"_monsterinsights_skip_tracking":false,"_monsterinsights_sitenote_active":false,"_monsterinsights_sitenote_note":"","_monsterinsights_sitenote_category":0,"ngg_post_thumbnail":0,"footnotes":""},"class_list":["post-62","page","type-page","status-publish","hentry"],"yoast_head":"<!-- This site is optimized with the Yoast SEO plugin v27.3 - https:\/\/yoast.com\/product\/yoast-seo-wordpress\/ -->\n<title>Impressum - Redux Energy Switzerland<\/title>\n<meta name=\"description\" content=\"Redux Energy GmbH: The Safest Lithium Batteries + Designed &amp; Made in Switzerland. Contact us now for more information: info@reduxenergy.ch\" \/>\n<meta name=\"robots\" content=\"index, follow, max-snippet:-1, max-image-preview:large, max-video-preview:-1\" \/>\n<link rel=\"canonical\" href=\"https:\/\/www.reduxenergy.ch\/index.php\/impressum\/\" \/>\n<meta property=\"og:locale\" content=\"en_GB\" \/>\n<meta property=\"og:type\" content=\"article\" \/>\n<meta property=\"og:title\" content=\"Impressum - Redux Energy Switzerland\" \/>\n<meta property=\"og:description\" content=\"Redux Energy GmbH: The Safest Lithium Batteries + Designed &amp; Made in Switzerland. Contact us now for more information: info@reduxenergy.ch\" \/>\n<meta property=\"og:url\" content=\"https:\/\/www.reduxenergy.ch\/index.php\/impressum\/\" \/>\n<meta property=\"og:site_name\" content=\"Redux Energy Switzerland\" \/>\n<meta property=\"article:modified_time\" content=\"2021-08-11T14:49:24+00:00\" \/>\n<meta name=\"twitter:card\" content=\"summary_large_image\" \/>\n<meta name=\"twitter:label1\" content=\"Estimated reading time\" \/>\n\t<meta name=\"twitter:data1\" content=\"1 minute\" \/>\n<script type=\"application\/ld+json\" class=\"yoast-schema-graph\">{\"@context\":\"https:\\\/\\\/schema.org\",\"@graph\":[{\"@type\":\"WebPage\",\"@id\":\"https:\\\/\\\/www.reduxenergy.ch\\\/index.php\\\/impressum\\\/\",\"url\":\"https:\\\/\\\/www.reduxenergy.ch\\\/index.php\\\/impressum\\\/\",\"name\":\"Impressum - Redux Energy Switzerland\",\"isPartOf\":{\"@id\":\"https:\\\/\\\/www.reduxenergy.ch\\\/#website\"},\"datePublished\":\"2020-03-10T21:33:33+00:00\",\"dateModified\":\"2021-08-11T14:49:24+00:00\",\"description\":\"Redux Energy GmbH: The Safest Lithium Batteries + Designed & Made in Switzerland. Contact us now for more information: info@reduxenergy.ch\",\"breadcrumb\":{\"@id\":\"https:\\\/\\\/www.reduxenergy.ch\\\/index.php\\\/impressum\\\/#breadcrumb\"},\"inLanguage\":\"en-GB\",\"potentialAction\":[{\"@type\":\"ReadAction\",\"target\":[\"https:\\\/\\\/www.reduxenergy.ch\\\/index.php\\\/impressum\\\/\"]}]},{\"@type\":\"BreadcrumbList\",\"@id\":\"https:\\\/\\\/www.reduxenergy.ch\\\/index.php\\\/impressum\\\/#breadcrumb\",\"itemListElement\":[{\"@type\":\"ListItem\",\"position\":1,\"name\":\"Home\",\"item\":\"https:\\\/\\\/www.reduxenergy.ch\\\/\"},{\"@type\":\"ListItem\",\"position\":2,\"name\":\"Impressum\"}]},{\"@type\":\"WebSite\",\"@id\":\"https:\\\/\\\/www.reduxenergy.ch\\\/#website\",\"url\":\"https:\\\/\\\/www.reduxenergy.ch\\\/\",\"name\":\"Redux Energy Switzerland\",\"description\":\"The Safest Lithium Batteries, Made in Switzerland\",\"publisher\":{\"@id\":\"https:\\\/\\\/www.reduxenergy.ch\\\/#organization\"},\"potentialAction\":[{\"@type\":\"SearchAction\",\"target\":{\"@type\":\"EntryPoint\",\"urlTemplate\":\"https:\\\/\\\/www.reduxenergy.ch\\\/?s={search_term_string}\"},\"query-input\":{\"@type\":\"PropertyValueSpecification\",\"valueRequired\":true,\"valueName\":\"search_term_string\"}}],\"inLanguage\":\"en-GB\"},{\"@type\":\"Organization\",\"@id\":\"https:\\\/\\\/www.reduxenergy.ch\\\/#organization\",\"name\":\"Redux Energy LLC\",\"url\":\"https:\\\/\\\/www.reduxenergy.ch\\\/\",\"logo\":{\"@type\":\"ImageObject\",\"inLanguage\":\"en-GB\",\"@id\":\"https:\\\/\\\/www.reduxenergy.ch\\\/#\\\/schema\\\/logo\\\/image\\\/\",\"url\":\"https:\\\/\\\/www.reduxenergy.ch\\\/wp-content\\\/uploads\\\/2020\\\/03\\\/Redux-Energy_Lo_FF-1.jpg\",\"contentUrl\":\"https:\\\/\\\/www.reduxenergy.ch\\\/wp-content\\\/uploads\\\/2020\\\/03\\\/Redux-Energy_Lo_FF-1.jpg\",\"width\":1754,\"height\":352,\"caption\":\"Redux Energy LLC\"},\"image\":{\"@id\":\"https:\\\/\\\/www.reduxenergy.ch\\\/#\\\/schema\\\/logo\\\/image\\\/\"}}]}<\/script>\n<!-- \/ Yoast SEO plugin. -->","yoast_head_json":{"title":"Impressum - Redux Energy Switzerland","description":"Redux Energy GmbH: The Safest Lithium Batteries + Designed & Made in Switzerland. Contact us now for more information: info@reduxenergy.ch","robots":{"index":"index","follow":"follow","max-snippet":"max-snippet:-1","max-image-preview":"max-image-preview:large","max-video-preview":"max-video-preview:-1"},"canonical":"https:\/\/www.reduxenergy.ch\/index.php\/impressum\/","og_locale":"en_GB","og_type":"article","og_title":"Impressum - Redux Energy Switzerland","og_description":"Redux Energy GmbH: The Safest Lithium Batteries + Designed & Made in Switzerland. Contact us now for more information: info@reduxenergy.ch","og_url":"https:\/\/www.reduxenergy.ch\/index.php\/impressum\/","og_site_name":"Redux Energy Switzerland","article_modified_time":"2021-08-11T14:49:24+00:00","twitter_card":"summary_large_image","twitter_misc":{"Estimated reading time":"1 minute"},"schema":{"@context":"https:\/\/schema.org","@graph":[{"@type":"WebPage","@id":"https:\/\/www.reduxenergy.ch\/index.php\/impressum\/","url":"https:\/\/www.reduxenergy.ch\/index.php\/impressum\/","name":"Impressum - Redux Energy Switzerland","isPartOf":{"@id":"https:\/\/www.reduxenergy.ch\/#website"},"datePublished":"2020-03-10T21:33:33+00:00","dateModified":"2021-08-11T14:49:24+00:00","description":"Redux Energy GmbH: The Safest Lithium Batteries + Designed & Made in Switzerland. Contact us now for more information: info@reduxenergy.ch","breadcrumb":{"@id":"https:\/\/www.reduxenergy.ch\/index.php\/impressum\/#breadcrumb"},"inLanguage":"en-GB","potentialAction":[{"@type":"ReadAction","target":["https:\/\/www.reduxenergy.ch\/index.php\/impressum\/"]}]},{"@type":"BreadcrumbList","@id":"https:\/\/www.reduxenergy.ch\/index.php\/impressum\/#breadcrumb","itemListElement":[{"@type":"ListItem","position":1,"name":"Home","item":"https:\/\/www.reduxenergy.ch\/"},{"@type":"ListItem","position":2,"name":"Impressum"}]},{"@type":"WebSite","@id":"https:\/\/www.reduxenergy.ch\/#website","url":"https:\/\/www.reduxenergy.ch\/","name":"Redux Energy Switzerland","description":"The Safest Lithium Batteries, Made in Switzerland","publisher":{"@id":"https:\/\/www.reduxenergy.ch\/#organization"},"potentialAction":[{"@type":"SearchAction","target":{"@type":"EntryPoint","urlTemplate":"https:\/\/www.reduxenergy.ch\/?s={search_term_string}"},"query-input":{"@type":"PropertyValueSpecification","valueRequired":true,"valueName":"search_term_string"}}],"inLanguage":"en-GB"},{"@type":"Organization","@id":"https:\/\/www.reduxenergy.ch\/#organization","name":"Redux Energy LLC","url":"https:\/\/www.reduxenergy.ch\/","logo":{"@type":"ImageObject","inLanguage":"en-GB","@id":"https:\/\/www.reduxenergy.ch\/#\/schema\/logo\/image\/","url":"https:\/\/www.reduxenergy.ch\/wp-content\/uploads\/2020\/03\/Redux-Energy_Lo_FF-1.jpg","contentUrl":"https:\/\/www.reduxenergy.ch\/wp-content\/uploads\/2020\/03\/Redux-Energy_Lo_FF-1.jpg","width":1754,"height":352,"caption":"Redux Energy LLC"},"image":{"@id":"https:\/\/www.reduxenergy.ch\/#\/schema\/logo\/image\/"}}]}},"_links":{"self":[{"href":"https:\/\/www.reduxenergy.ch\/index.php\/wp-json\/wp\/v2\/pages\/62","targetHints":{"allow":["GET"]}}],"collection":[{"href":"https:\/\/www.reduxenergy.ch\/index.php\/wp-json\/wp\/v2\/pages"}],"about":[{"href":"https:\/\/www.reduxenergy.ch\/index.php\/wp-json\/wp\/v2\/types\/page"}],"author":[{"embeddable":true,"href":"https:\/\/www.reduxenergy.ch\/index.php\/wp-json\/wp\/v2\/users\/1"}],"replies":[{"embeddable":true,"href":"https:\/\/www.reduxenergy.ch\/index.php\/wp-json\/wp\/v2\/comments?post=62"}],"version-history":[{"count":19,"href":"https:\/\/www.reduxenergy.ch\/index.php\/wp-json\/wp\/v2\/pages\/62\/revisions"}],"predecessor-version":[{"id":572,"href":"https:\/\/www.reduxenergy.ch\/index.php\/wp-json\/wp\/v2\/pages\/62\/revisions\/572"}],"wp:attachment":[{"href":"https:\/\/www.reduxenergy.ch\/index.php\/wp-json\/wp\/v2\/media?parent=62"}],"curies":[{"name":"wp","href":"https:\/\/api.w.org\/{rel}","templated":true}]}}